rs of 1109?
1109
List the prime factors of 15697.
11, 1427
What are the prime factors of 182588?
2, 7, 6521
What are the prime factors of 103?
103
List the prime factors of 8036.
2, 7, 41
List the prime factors of 495.
3, 5, 11
List the prime factors of 24049.
24049
List the prime factors of 778.
2, 389
What are the prime factors of 21967?
11, 1997
List the prime factors of 2330.
2, 5, 233
List the prime factors of 7736.
2, 967
List the prime factors of 1387.
19, 73
What are the prime factors of 106046?
2, 17, 3119
What are the prime factors of 5987?
5987
List the prime factors of 2224.
2, 139
List the prime factors of 1242.
2, 3, 23
List the prime factors of 3608.
2, 11, 41
What are the prime factors of 12240?
2, 3, 5, 17
List the prime factors of 25874.
2, 17, 761
What are the prime factors of 24282?
2, 3, 19, 71
List the prime factors of 2548.
2, 7, 13
What are the prime factors of 934?
2, 467
What are the prime factors of 15578?
2, 7789
What are the prime factors of 33296?
2, 2081
What are the prime factors of 1077?
3, 359
What are the prime factors of 8?
2
List the prime factors of 6608.
2, 7, 59
What are the prime factors of 18662?
2, 7, 31, 43
List the prime factors of 6446.
2, 11, 293
List the prime factors of 441.
3, 7
List the prime factors of 3600.
2, 3, 5
List the prime factors of 3311.
7, 11, 43
List the prime factors of 3932.
2, 983
List the prime factors of 59440.
2, 5, 743
List the prime factors of 12047.
7, 1721
List the prime factors of 5484.
2, 3, 457
What are the prime factors of 447?
3, 149
List the prime factors of 1167.
3, 389
What are the prime factors of 3904?
2, 61
List the prime factors of 705.
3, 5, 47
List the prime factors of 1285.
5, 257
What are the prime factors of 27267?
3, 61, 149
List the prime factors of 6068.
2, 37, 41
What are the prime factors of 65901?
3, 11, 1997
List the prime factors of 8853.
3, 13, 227
List the prime factors of 16757.
13, 1289
List the prime factors of 3891.
3, 1297
What are the prime factors of 12542?
2, 6271
What are the prime factors of 1237?
1237
List the prime factors of 12048.
2, 3, 251
What are the prime factors of 4034?
2, 2017
What are the prime factors of 704?
2, 11
What are the prime factors of 1494?
2, 3, 83
List the prime factors of 6570.
2, 3, 5, 73
What are the prime factors of 6095?
5, 23, 53
What are the prime factors of 686?
2, 7
What are the prime factors of 2161?
2161
What are the prime factors of 36187?
36187
List the prime factors of 64315.
5, 19, 677
List the prime factors of 54796.
2, 7, 19, 103
List the prime factors of 5467.
7, 11, 71
What are the prime factors of 53602?
2, 26801
What are the prime factors of 1469?
13, 113
List the prime factors of 19397.
7, 17, 163
What are the prime factors of 2179?
2179
What are the prime factors of 1014?
2, 3, 13
List the prime factors of 80332.
2, 7, 19, 151
List the prime factors of 49659.
3, 16553
List the prime factors of 113039.
113039
List the prime factors of 9279.
3, 1031
What are the prime factors of 3042?
2, 3, 13
List the prime factors of 3314.
2, 1657
What are the prime factors of 907?
907
List the prime factors of 939.
3, 313
What are the prime factors of 25942?
2, 7, 17, 109
List the prime factors of 1038.
2, 3, 173
What are the prime factors of 1063?
1063
What are the prime factors of 3576?
2, 3, 149
What are the prime factors of 34777?
83, 419
What are the prime factors of 1993?
1993
List the prime factors of 7395.
3, 5, 17, 29
What are the prime factors of 894?
2, 3, 149
List the prime factors of 1170.
2, 3, 5, 13
What are the prime factors of 959?
7, 137
List the prime factors of 1145.
5, 229
List the prime factors of 20414.
2, 59, 173
What are the prime factors of 1022?
2, 7, 73
What are the prime factors of 643?
643
What are the prime factors of 15?
3, 5
List the prime factors of 1320.
2, 3, 5, 11
What are the prime factors of 4065?
3, 5, 271
What are the prime factors of 86122?
2, 17, 149
List the prime factors of 2933.
7, 419
What are the prime factors of 8805?
3, 5, 587
List the prime factors of 251.
251
List the prime factors of 11603.
41, 283
List the prime factors of 1223.
1223
List the prime factors of 20716.
2, 5179
List the prime factors of 45028.
2, 11257
What are the prime factors of 39416?
2, 13, 379
What are the prime factors of 257?
257
What are the prime factors of 2328?
2, 3, 97
List the prime factors of 868.
2, 7, 31
List the prime factors of 16157.
107, 151
List the prime factors of 25510.
2, 5, 2551
List the prime factors of 2667.
3, 7, 127
List the prime factors of 2960.
2, 5, 37
List the prime factors of 3103.
29, 107
List the prime factors of 2274.
2, 3, 379
What are the prime factors of 433?
433
What are the prime factors of 1731?
3, 577
What are the prime factors of 7558?
2, 3779
List the prime factors of 3823.
3823
List the prime factors of 277.
277
List the prime factors of 620.
2, 5, 31
List the prime factors of 145778.
2, 72889
What are the prime factors of 545?
5, 109
What are the prime factors of 391?
17, 23
List the prime factors of 56799.
3, 6311
List the prime factors of 1016.
2, 127
What are the prime factors of 95810?
2, 5, 11, 13, 67
List the prime factors of 13017.
3, 4339
List the prime factors of 5783.
5783
List the prime factors of 91139.
91139
What are the prime factors of 10589?
10589
What are the prime factors of 104?
2, 13
What are the prime factors of 2251?
2251
What are the prime factors of 51714?
2, 3, 13, 17
What are the prime factors of 501?
3, 167
List the prime factors of 73165.
5, 14633
What are the prime factors of 184?
2, 23
What are the prime factors of 14505?
3, 5, 967
What are the prime factors of 9323?
9323
List the prime factors of 7732.
2, 1933
What are the prime factors of 14741?
14741
List the prime factors of 2667.
3, 7, 127
List the prime factors of 32717.
32717
List the prime factors of 35646.
2, 3, 13, 457
List the prime factors of 150.
2, 3, 5
List the prime factors of 1921.
17, 113
List the prime factors of 5398.
2, 2699
List the prime factors of 20115.
3, 5, 149
List the prime factors of 5536.
2, 173
What are the prime factors of 58962?
2, 3, 31, 317
List the prime factors of 470.
2, 5, 47
What are the prime factors of 110190?
2, 3, 5, 3673
List the prime factors of 5095.
5, 1019
List the prime factors of 158413.
157, 1009
What are the prime factors of 10962?
2, 3, 7, 29
List the prime factors of 645.
3, 5, 43
What are the prime factors of 5822?
2, 41, 71
List the prime factors of 17025.
3, 5, 227
List the prime factors of 175.
5, 7
What are the prime factors of 25063?
71, 353
What are the prime factors of 9172?
2, 2293
What are the prime factors of 45371?
59, 769
List the prime factors of 5969.
47, 127
What are the prime factors of 130?
2, 5, 13
What are the prime factors of 2411?
2411
What are the prime factors of 47162?
2, 23581
List the prime factors of 11795.
5, 7, 337
List the prime factors of 22561.
7, 11, 293
What are the prime factors of 72838?
2, 79, 461
What are the prime factors of 17242?
2, 37, 233
List the prime factors of 13581.
3, 503
List the prime factors of 8273.
8273
List the prime factors of 1976.
2, 13, 19
List the prime factors of 894.
2, 3, 149
List the prime factors of 1018.
2, 509
List the prime factors of 6484.
2, 1621
What are the prime factors of 968?
2, 11
What are the prime factors of 199?
199
What are the prime factors of 102278?
2, 11, 4649
What are the prime factors of 428?
2, 107
List the prime factors of 3574.
2, 1787
List the prime factors of 3066.
2, 3, 7, 73
List the prime factors of 15708.
2, 3, 7, 11, 17
What are the prime factors of 59319?
3, 13
List the prime factors of 4106.
2, 2053
What are the prime factors of 39764?
2, 9941
List the prime factors of 35471.
79, 449
What are the prime factors of 17054?
2, 8527
List the prime factors of 3267.
3, 11
What are the prime factors of 3068?
2, 13, 59
List the prime factors of 276.
2, 3, 23
What are the prime factors of 3276?
2, 3, 7, 13
List the prime factors of 10111.
10111
List the prime factors of 1503.
3, 167
List the prime factors of 973.
7, 139
What are the prime factors of 3856?
2, 241
List the prime factors of 3058.
2, 11, 139
What are the prime factors of 1625?
5, 13
List the prime factors of 115892.
2, 7, 4139
List the prime factor